7) to base 11.
-a7
What is -139 (base 13) in base 6?
-1001
What is 8405 (base 12) in base 15?
4405
-718 (base 16) to base 3
-2111021
Convert -493 (base 10) to base 14.
-273
Convert d7a (base 16) to base 12.
1bb6
What is 21ce (base 16) in base 9?
12775
-15252 (base 6) to base 12
-1528
What is 323a (base 16) in base 3?
122122020
What is 341 (base 14) in base 11?
537
What is 1014 (base 16) in base 15?
1346
-6928 (base 10) to base 16
-1b10
Convert 7843 (base 10) to base 14.
2c03
32311 (base 4) to base 7
2524
What is -9c0 (base 15) in base 6?
-14113
What is 2b55 (base 14) in base 16?
1e27
What is -761 (base 9) in base 5?
-4442
Convert 101011100 (base 2) to base 11.
297
-487 (base 15) to base 2
-10000000011
213 (base 6) to base 16
51
-101532 (base 6) to base 3
-102020102
What is -310202 (base 4) in base 7?
-12542
What is 78 (base 16) in base 10?
120
478 (base 15) to base 13
5cc
What is -25e (base 15) in base 11?
-450
-4104420 (base 5) to base 16
-102bb
Convert 2022112 (base 3) to base 15.
778
111100110011 (base 2) to base 3
12100010
Convert -159 (base 15) to base 12.
-219
What is -51028 (base 9) in base 6?
-415212
What is -11233 (base 5) in base 7?
-2246
-9336 (base 13) to base 5
-1122300
-9cb (base 16) to base 8
-4713
What is 5535 (base 10) in base 6?
41343
-533 (base 6) to base 8
-311
-22b5 (base 12) to base 4
-330221
What is -12232 (base 6) in base 4?
-130130
320003 (base 4) to base 5
103322
What is 3879 (base 10) in base 12?
22b3
Convert 3625 (base 8) to base 9.
2586
Convert 136 (base 14) to base 10.
244
Convert 2d (base 14) to base 3.
1112
What is -7ba (base 13) in base 3?
-1211111
What is -212 (base 13) in base 4?
-11201
Convert 101020003 (base 4) to base 7.
411340
What is 123656 (base 8) in base 7?
236102
Convert 20221111 (base 3) to base 14.
1bb8
Convert 41344 (base 5) to base 6.
20340
What is 6a2 (base 15) in base 16?
5de
231d (base 15) to base 14
2a05
Convert -1671 (base 14) to base 4.
-332303
What is 789 (base 15) in base 14?
89a
What is 15466 (base 7) in base 5?
114420
What is -734 (base 10) in base 15?
-33e
14836 (base 10) to base 8
34764
What is 535 (base 10) in base 11?
447
-250b2 (base 12) to base 9
-75828
What is -120111 (base 3) in base 7?
-1135
What is -6a1 (base 12) in base 2?
-1111011001
Convert -23 (base 9) to base 6.
-33
What is 111101002 (base 3) in base 9?
14332
What is 123 (base 5) in base 6?
102
15268 (base 9) to base 5
313210
-95 (base 15) to base 4
-2030
What is -100111000011 (base 2) in base 8?
-4703
Convert 8500 (base 10) to base 6.
103204
What is 142533 (base 6) in base 14?
4d4d
-56c (base 15) to base 5
-14402
-7679 (base 16) to base 5
-1432304
-101010010 (base 2) to base 9
-415
-548 (base 10) to base 5
-4143
Convert -11110010001 (base 2) to base 10.
-1937
What is -1533 (base 7) in base 2?
-1001100100
What is 1aa22 (base 11) in base 9?
44027
What is -101111101010 (base 2) in base 11?
-2323
What is 22210202 (base 3) in base 14?
24a7
Convert 101020 (base 3) to base 13.
183
-18989 (base 11) to base 12
-133a3
Convert -2840 (base 14) to base 4.
-1233020
-6934 (base 15) to base 3
-1010121211
What is -2121 (base 12) in base 10?
-3625
Convert -1012331 (base 6) to base 12.
-240a7
What is 1031012 (base 4) in base 12?
2a32
Convert -1110100001000011 (base 2) to base 12.
-2a4ab
What is 3a49 (base 12) in base 4?
1220121
-ab (base 13) to base 4
-2031
Convert -121020101 (base 3) to base 4.
-2320330
738b (base 12) to base 2
11000101011011
Convert 12 (base 8) to base 15.
a
Convert 24144 (base 5) to base 16.
707
Convert 583 (base 13) to base 2.
1110111000
-1142 (base 12) to base 14
-9b4
Convert 2130 (base 5) to base 15.
145
-210400 (base 6) to base 12
-9a00
Convert 100111110011110 (base 2) to base 10.
20382
Convert 19555 (base 12) to base 4.
21003101
Convert -10000100011010 (base 2) to base 5.
-232344
Convert 111001010 (base 2) to base 7.
1223
-13210 (base 4) to base 15
-224
Convert -3b4 (base 15) to base 9.
-1137
What is 456 (base 7) in base 8?
355
-7c0 (base 13) to base 15
-5e4
Convert 10300003 (base 4) to base 12.
b317
What is -20210120 (base 4) in base 15?
-a5eb
Convert 92e3 (base 15) to base 2.
111100100111110
682b (base 14) to base 15
554b
What is -c55b (base 14) in base 11?
-2359a
What is -1014 (base 6) in base 11?
-196
What is -10565 (base 11) in base 12?
-8a45
Convert -2158 (base 12) to base 16.
-e54
Convert 3096 (base 10) to base 8.
6030
What is 173 (base 10) in base 11?
148
Convert -108366 (base 9) to base 14.
-19a80
Convert -324e (base 16) to base 12.
-7552
-211302 (base 5) to base 9
-10633
Convert -1011110111 (base 2) to base 11.
-630
1a355 (base 12) to base 14
1006d
-422 (base 8) to base 4
-10102
293 (base 12) to base 6
1503
What is -334 (base 6) in base 3?
-11211
What is -31342 (base 8) in base 6?
-140150
-571 (base 8) to base 10
-377
Convert -24720 (base 8) to base 11.
-8051
6628 (base 15) to base 5
1143023
Convert -4080 (base 16) to base 7.
-66066
Convert 190a0 (base 11) to base 9.
40600
What is -11001001100 (base 2) in base 9?
-2181
What is 126 (base 16) in base 8?
446
What is 3232 (base 8) in base 10?
1690
What is 13322 (base 4) in base 10?
506
-4a53 (base 11) to base 2
-1100111000000
545 (base 10) to base 8
1041
Convert 100101010100 (base 2) to base 5.
34023
Convert 2124 (base 9) to base 6.
11121
What is -61156 (base 7) in base 4?
-3213313
What is -403423 (base 6) in base 3?
-1121202220
1252 (base 9) to base 16
3aa
-12535 (base 7) to base 5
-101413
-141 (base 8) to base 7
-166
1100000 (base 3) to base 10
972
Convert -509 (base 14) to base 9.
-1318
Convert -b03b (base 14) to base 6.
-351553
What is -564 (base 7) in base 3?
-101210
Convert -552 (base 9) to base 10.
-452
187d (base 14) to base 13
2023
What is -15333 (base 7) in base 6?
-31503
Convert 7781 (base 14) to base 12.
bb85
-4bca (base 13) to base 4
-2220331
2112220212 (base 3) to base 7
266324
32327 (base 8) to base 13
6207
What is 48e6 (base 15) in base 8?
36234
87630 (base 9) to base 11
3a722
What is b18 (base 14) in base 11?
1700
What is 8c4 (base 16) in base 7?
6354
Convert -122222 (base 3) to base 14.
-269
-1ab9 (base 13) to base 2
-111111000111
What is 12121 (base 4) in base 11?
342
Convert -7432 (base 10) to base 11.
-5647
Convert 32100 (base 5) to base 7.
6161
Convert 3dcf (base 16) to base 3.
210201001
6014 (base 8) to base 5
44314
Convert 212 (base 15) to base 2.
111010011
What is -752 (base 13) in base 7?
-3434
What is 8355 (base 16) in base 4?
20031111
What is -100010010100 (base 2) in base 13?
-ccc
Convert b4 (base 15) to base 10.
169
What is -182 (base 10) in base 15?
-c2
What is -12252 (base 8) in base 10?
-5290
-1111010100101 (base 2) to base 11
-5992
-167 (base 13) to base 9
-312
Convert -589 (base 13) to base 9.
-1274
What is 33133 (base 4) in base 3?
1100201
Convert -256c (base 13) to base 6.
-40401
Convert 111011101 (base 2) to base 4.
13131
Convert -221000 (base 3) to base 12.
-483
-599 (base 11) to base 9
-872
-12122310 (base 4) to base 8
-63264
What is b7f1 (base 16) in base 13?
18583
Convert -6b6 (base 16) to base 14.
-8aa
What is -3a25 (base 12) in base 11?
-4aa9
48561 (base 9) to base 10
32536
Convert -120221 (base 3) to base 6.
-1554
Convert -15247 (base 8) to base 4.
-1222213
What is 1643 (base 8) in base 15?
421
Convert -304 (base 6) to base 12.
-94
Convert 531101 (base 6) to base 10.
43021
What is 110000010011000 (base 2) in base 14?
9024
Convert 10101100 (base 2) to base 14.
c4
Convert -1427 (base 9) to base 6.
-4554
Convert -552 (base 6) to base 3.
-21212
What is -11000110001110 (base 2) in base 8?
-30616
Convert -140442 (base 5) to base 9.
-7785
Convert 3111 (base 5) to base 12.
29a
What is -101122 (base 5) in base 10?
-3287
11102 (base 5) to base 9
1053
-1352 (base 7) to base 12
-37b
Convert 637 (base 12) to base 16.
38b
What is -1bc (base 13) in base 15?
-169
Convert 4630 (base 8) to base 3.
10100222
What is 1421 (base 5) in base 2?
11101100
What is 2b92 (base 12) in base 7?
21005
Convert -30300303 (base 4) to base 5.
-3133100
Convert 334 (base 8) to base 3.
22011
1c2 (base 15) to base 9
502
Convert 697 (base 10) to base 16.
2b9
Convert 101101010 (base 3) to base 2.
1110110001011
Convert -1e2 (base 15) to base 9.
-535
-1b419 (base 13) to base 15
-10c6b
What is -1110011011 (base 2) in base 8?
-1633
What is -33b (base 12) i